
Let b = 14 - 2. Does 4 divide b?
True
Let k(l) = -58*l**3 - 3*l**2 - l + 1. Is k(-1) a multiple of 3?
True
Let u = -4 - -2. Let c = 5 + u. Suppose 3*w - 81 = c*j, 2*j + 2*j - 78 = -2*w. Is 15 a factor of w?
False
Suppose -1864 = -11*c + 512. Does 54 divide c?
True
Suppose -2*t + 90 = 3*t. Is 6 a factor of t?
True
Let t(q) = -q**3 - 6*q**2 + 6*q - 5. Does 25 divide t(-8)?
True
Let r(l) be the first derivative of l**3/3 + 3*l - 4. Let d = 3 + 2. Does 14 divide r(d)?
True
Is (87 - 7) + -1*(5 + -2) a multiple of 10?
False
Let u = 131 + -84. Is 6 a factor of u?
False
Suppose v = 3*v - 8. Suppose 3*t - v*t = -4. Does 3 divide t?
False
Let m(x) = x**3 + 5*x**2 + 5*x + 1. Let t be m(-4). Let y = t + 7. Is y a multiple of 2?
True
Does 7 divide (-7)/3*(9 + -24)?
True
Is (17 - 18) + 1 + -1 - -16 a multiple of 14?
False
Suppose 0*v = 5*v. Suppose 2*i + v = 18. Is 2 a factor of i?
False
Suppose 0*y + 22 = -2*y. Let s = 23 + y. Is 12 a factor of s?
True
Suppose 675 = -2*c + 7*c. Does 24 divide c?
False
Let g = 7 - -201. Does 13 divide g?
True
Let l(w) = w**3 - 6*w**2 + w - 2. Does 27 divide l(7)?
True
Suppose 0 = -5*k - 3*v + 4, -4*k + v = 5*v. Suppose 248 = k*w + 74. Does 29 divide w?
True
Let f = 13 - -59. Is f a multiple of 12?
True
Let z = -5 - -7. Suppose z*d = 3*d - 55. Is d a multiple of 20?
False
Let h be (20/8)/(1/2). Suppose -n + h*n - 104 = 0. Is 3 a factor of (-6)/9 - n/(-3)?
False
Let u be 2/(0 - (-1)/(-20)). Let q = -24 - u. Does 8 divide q?
True
Let k(l) = -5*l + 7. Does 18 divide k(-9)?
False
Let w(f) be the first derivative of f**4/4 + 8*f**3/3 + 5*f**2/2 - 6*f - 1. Does 11 divide w(-5)?
True
Let k(n) = n - 1. Let v be k(3). Suppose 179 = 5*f + i, -4*i = v*f - f - 32. Suppose 2*q - f + 0 = 0. Is 12 a factor of q?
False
Let l = -5 - -11. Suppose -3*j - 4*q - q - 8 = 0, l = -2*j - 3*q. Let h(x) = -x**2 - 9*x - 4. Is 14 a factor of h(j)?
True
Let b = 25 - 5. Let g(h) = -h**2 - 9*h - 6. Let o be g(-6). Let d = b - o. Is 8 a factor of d?
True
Let w = 281 + -165. Suppose 2*h - 38 = h + 4*i, -w = -4*h - 2*i. Is h a multiple of 19?
False
Let d be 24/4 - 4/2. Let q(n) = -2*n + n**2 - n**3 + 0*n + 5*n**2 - 3. Is 8 a factor of q(d)?
False
Suppose 11*j + 529 = 1453. Does 12 divide j?
True
Suppose -3*x - 5 = -4*x. Suppose -f = -2*f + x. Does 5 divide f?
True
Let m be 53 - (-2 - -2 - 2). Let k = m + 2. Is 10 a factor of k?
False
Let s = -38 - -388. Is s a multiple of 35?
True
Suppose 0 = -2*p + 20 - 0. Is p a multiple of 10?
True
Suppose 3*v - 2*v + 2*h + 7 = 0, 0 = 4*h + 20. Suppose 5*s - v*s = 8. Let z(p) = 2*p + 3. Is 11 a factor of z(s)?
True
Let w be (-2 - 0)/2*-5. Suppose m = w*x - 17, 7 = 5*x - 4*m - 1. Suppose -57 = -x*u + 31. Is 16 a factor of u?
False
Let d(f) = -f**3 - 7*f**2 - 8*f + 6. Is d(-6) a multiple of 3?
True
Suppose -2*r = r + 2*f - 130, 2*f = r - 30. Is r a multiple of 10?
True
Let t(h) = -109*h**3 + 3*h + 2. Is t(-1) a multiple of 13?
False
Suppose -k = -58 - 7. Does 30 divide k?
False
Is 6/((-1015)/(-200) - 5) a multiple of 10?
True
Suppose -3*s + 6 = 3. Suppose b = 18 + s. Is 19 a factor of b?
True
Suppose c - 45 = 8. Suppose -d + 2 = 0, -2*d - c + 13 = -2*t. Is 9 a factor of t?
False
Let t(w) = 3*w - 4. Let d(h) = 4*h - 4. Let s be 4/(-3)*(-3)/2. Let a(l) = s*d(l) - 3*t(l). Is 4 a factor of a(-5)?
False
Suppose 0 = 3*x - 3*y - 282, 2*x + 3*y = 106 + 57. Is x a multiple of 15?
False
Suppose 0 = 2*z - 96 - 42. Let s = -27 + z. Suppose -2*f = -g - 38, 0 = 2*f + g - s. Is 10 a factor of f?
True
Let g be 16/(-40) - (-33)/(-5). Let o(x) = -6*x + 6. Is 16 a factor of o(g)?
True
Suppose 0 = -z + 5. Suppose -7*q = -z*q - 44. Is 11 a factor of q?
True
Suppose 2*l + 2 = -d + 11, -3*l = d - 12. Suppose -l*r = r - 100. Does 12 divide r?
False
Let r(i) = i - 6. Let q be r(8). Suppose 3 = -0*f - f, q*l = -4*f + 174. Is 27 a factor of l?
False
Let g = 7 - -34. Is g even?
False
Let v be (-2)/(-13) - (-2)/(-13). Suppose v = -4*z + 91 + 13. Is 13 a factor of z?
True
Suppose 2*a + 9 = 3*x, -4*x = 2*a + a - 12. Suppose x*l - 2*w - 526 = 0, -354 = -2*l + 5*w - 3*w. Is 12 a factor of l/6 - (-5)/15?
False
Let r be 0 + 2 + (53 - -5). Suppose 2*b = 4*j + j - r, -j + 4*b - 6 = 0. Does 14 divide j?
True
Suppose 4*h - 72 = 120. Is 16 a factor of h?
True
Let k be (-3)/(-2)*354/9. Let d = k - 31. Let j = d - 19. Is j a multiple of 4?
False
Suppose 3*k = -0*k + 156. Is k a multiple of 13?
True
Let w(c) = 5 - c + 2*c**2 - c**2 - 4*c. Let k be w(4). Does 12 divide k + -1 + (10 - -2)?
True
Suppose -5*l + 592 = -l. Is l a multiple of 21?
False
Let z = 4 - 8. Let k(t) = t**2 - 5*t - 7. Is k(z) a multiple of 6?
False
Let w(c) be the third derivative of -c**4/3 - c**3 + 6*c**2. Does 22 divide w(-9)?
True
Suppose -5*v = -8 - 72. Suppose 4*c = -16, -6*u + 2*c + v = -2*u. Suppose 51 = u*a + 5. Is a a multiple of 11?
False
Let l(k) = 1. Let t(a) = -11*a - 9. Let g(m) = -5*l(m) - t(m). Suppose 0*z - 5*z = -15. Is g(z) a multiple of 24?
False
Suppose c = 4*j - 3*c, -2*c = j - 15. Suppose -j*l - 5*w = -55, -5 - 3 = -3*l + 2*w. Suppose -i + l = -1. Is i a multiple of 7?
True
Does 13 divide 24 + 2 + -2 + 2?
True
Let f(r) = -3*r + 11. Is 8 a factor of f(-11)?
False
Suppose 2*v - v + 8 = 4*r, -2*v + 5 = -r. Let x = -5 + v. Let j(h) = -6*h + 1. Does 3 divide j(x)?
False
Let f(v) = -18*v**3 - 2*v**2 + 1. Let l(a) = a**2 - 4 + a**3 + 0*a + 2*a**2 - a. Let z be l(-3). Is f(z) a multiple of 9?
False
Let p(j) = -j - 9. Let s be p(-8). Let v be (s - -3)*-1 - -34. Let c = v - -4. Is 18 a factor of c?
True
Is 10*-57*(-2)/12 a multiple of 23?
False
Suppose 0*j = 9*j - 693. Is j a multiple of 15?
False
Let t = 16 - 16. Suppose u + t*u - 9 = 0. Does 3 divide u?
True
Suppose -g - 168 = -3*g. Is 28 a factor of g?
True
Let g(i) be the second derivative of -i**5/20 - i**4/12 - i**3/6 + 21*i**2/2 + 3*i. Is g(0) a multiple of 8?
False
Let m(j) = j**3 - j**2 - 4. Let k be m(3). Is 9 a factor of 382/k - 8/28?
True
Let s(l) = 5*l - 6. Is 10 a factor of s(9)?
False
Suppose -4*h + 4 = 20. Let d = 15 - -1. Let x = d - h. Does 12 divide x?
False
Let i(m) = 2*m**3 - 4*m**2 - m - 4. Let x be i(4). Let j = x + -2. Is 17 a factor of j?
False
Suppose -1 - 7 = -4*n. Let z be 9 + (0 + n - 1). Let d = -6 + z. Is 2 a factor of d?
True
Let n(g) = -g**2 - 2*g - 1. Let z be n(-1). Suppose 3*u = -u - 2*w + 30, 3*w = 2*u + 5. Suppose -5*y - 4*q + 142 = -z*y, 118 = u*y - 4*q. Is 13 a factor of y?
True
Suppose 6*t - 4*t = 24. Is 6 a factor of t?
True
Suppose -69 = -2*i + 3*j, -75 = -2*i + 6*j - j. Suppose 0 = -b + 6*b - i. Does 4 divide (2 + b)/(4/6)?
True
Let b be 1 + 3 + -3 + -1. Suppose 0*u - 5*u + 75 = b. Does 13 divide u?
False
Let o(v) = -3*v**2 + 8*v - 1. Let w(r) = -r**2 + r + 1. Let q(n) = -o(n) + 4*w(n). Does 2 divide q(-4)?
False
Let z = -21 - -15. Let n = z - -18. Is 12 a factor of n?
True
Suppose 3*t = -11*t + 4410. Is t a multiple of 35?
True
Let a(m) = -33*m**3 - 1. Let h be a(1). Let o = 56 + h. Does 18 divide o?
False
Suppose -205 = -9*l + 1271. Does 26 divide l?
False
Let h = 7 + -2. Suppose -y + 21 = y + h*f, -4*y + 27 = 5*f. Suppose 0 = y*r + 2*r - 150. Does 15 divide r?
True
Let a(v) = -2*v**3 + 4*v**2 + 3*v + 1. Let d be a(-2). Suppose -12 = -k + 2*i, -k + i = -6*k + d. Suppose -2*x + k*x - 32 = 0. Is x a multiple of 3?
False
Let a = 174 - 4. Does 17 divide a?
True
Let v = 1 - -1. Suppose -2*w + 35 = 3*m, -5*w + 3*m - v*m = -62. Let o = 21 - w. Is 4 a factor of o?
True
Suppose 9 - 34 = -5*i. Suppose 2*f - i*p + 88 = 0, 127 = -3*f + 3*p + 13. Let s = 67 + f. Does 18 divide s?
False
Suppose 3*o + x + 12 = 0, -2*o - 3*x - 15 = -0*x. Is 5 a factor of (1 + o)*10/(-4)?
True
Let c(j) = j**2 + 1. Let l(d) be the second derivative of d**4/6 - d**3/2 - 4*d. Let z(o) = 2*c(o) + l(o). Does 12 divide z(2)?
True
Let h be (-9)/(-12) - 13/(-4). Is ((2 - h) + 1)*-17 a multiple of 4?
False
Let r = -9 + 17. Is 4 a factor of r?
True
Suppose 2*b = -w - 26, 0 = 3*b - 3*w - 0*w + 57. Suppose 0 = -3*k - j - 3, -3*j + 2*j = k + 1. Let y = k - b. Is y a multiple of 6?
False
Let g = -494 - -909. Is g a multiple of 17?
False
Suppose -4*t + 60 = -0*t. Does 5 divide t?
True
Let i(q) = -q + 6. Let x be 3 - -6*(-1)/2. Is i(x) a multiple of 4?
False
Is 1*740/15 - (-4)/6 a multiple of 50?
True
Let m(l) = 5*l**2. Is m(4) a mu